 prime factors of b/(-4*2/t).
2, 19
Suppose -3*s = -2266 - 485. Let t = s - 366. Suppose 4*d - t = 57. List the prime factors of d.
2, 19
Suppose -66*m + 63*m - 174138 = -2*x, -12 = -2*m. What are the prime factors of x?
2, 3, 23, 631
Suppose 2*g = -3*g - 30. Let y be 56/g*6/(-4). Let s(x) = -x**3 + 13*x**2 + 17*x + 22. List the prime factors of s(y).
2
Let l be -2 + (-45)/4 + 18/(-24). Let h be ((-1)/(-4) - 0)/(l/56). Let v = 8 + h. What are the prime factors of v?
7
Suppose -1825 = -3*z - j, -5*z - 129*j = -130*j - 3047. What are the prime factors of z?
3, 7, 29
Let d = 368 + -253. Suppose u - 4*i = 61, 0 = 3*u - 5*u + i + d. What are the prime factors of u?
3, 19
Let w = -21816 + 31658. List the prime factors of w.
2, 7, 19, 37
Let q(a) = 902*a**3 + 339*a - 1384. List the prime factors of q(4).
2, 5, 577
Let a(j) = -j - 3. Let y = -48 - -42. Let d be a(y). Suppose -d*b + 2*f - 64 + 381 = 0, -5*f = 3*b - 289. What are the prime factors of b?
103
Let c(d) = 37*d - 75. Let z be c(-19). Let x = z + 1134. What are the prime factors of x?
2, 89
What are the prime factors of 115300/15 + 0 + (-15)/(-9)*-1?
5, 29, 53
Let u be (-16)/(-40)*-5 + -3. Let q(o) = o**3 + 5*o**2 - 8*o - 3. Let d be q(-6). Let g = d + u. List the prime factors of g.
2
Let w = 85 + -33. What are the prime factors of (734/(-5))/(w/20 - 3)?
367
Suppose -342*a + 341*a = -5*j - 4355, -5*a - 5*j + 21595 = 0. List the prime factors of a.
5, 173
Let h(i) = 6191*i + 516. List the prime factors of h(2).
2, 6449
Let y(p) = 538*p + 324. Let q be y(4). Let l = q + -1371. What are the prime factors of l?
5, 13, 17
Let n be (3*(-6)/(-9))/((-6)/573). Let b = n - -434. List the prime factors of b.
3
Let b = -34324 - -76912. What are the prime factors of b?
2, 3, 7, 13
List the prime factors of ((-12)/9 + 1)*-17859.
5953
Let i = -6424 - -11255. List the prime factors of i.
4831
Let a be (0 - 3 - -115)/((-19)/(-171)). Suppose -4*t = -8*t + a. List the prime factors of t.
2, 3, 7
Let m = -9 + 4. Let d(k) = -k**3 - 4*k**2 + 4*k - 2. Let i be d(m). Suppose -i*c - 3*z = -189, 4*c + 5 - 282 = z. What are the prime factors of c?
2, 17
Suppose 5*n - 5*h = 41190, -33*h = 5*n - 35*h - 41190. What are the prime factors of n/24 - 15/(-20)?
2, 43
Let k = -39 - -30. What are the prime factors of 2/k - ((-4872)/54 + -3)?
3, 31
Suppose 5*p - 124360 = -5*o, -3*p + 5*o + 52433 = -22215. What are the prime factors of p?
2, 3, 691
Let d be (-2)/(-4 + 115/30). Suppose -k + 2*t = -920, 7*t - 10*t = -d. List the prime factors of k.
2, 29
List the prime factors of (-58)/(-87)*(163992/32)/((-2)/(-16)).
2, 6833
Let h be 1/5 - 7769*(-4)/20. Let x = -768 + h. List the prime factors of ((-9)/6)/((-9)/x).
131
Let o(s) = 1567*s**3 - 31*s**2 + 78*s + 28. What are the prime factors of o(3)?
2, 97, 109
Let t(s) = 17*s - 207. Let k be t(-37). Let i = k + 1667. List the prime factors of i.
3, 277
Let t(p) = -2*p**3 - 4*p**2 + 9. Let k be t(-4). Let y = k - 71. Suppose 4*l + 4*u - 332 = 0, 2*u + 0*u = y*l - 150. What are the prime factors of l?
79
Let l be 1 - (-4 + 5 + -1). Let h(f) = -10*f**2 + 5*f - 1. Let k be h(l). Let v(n) = -18*n + 30. What are the prime factors of v(k)?
2, 3, 23
Suppose y = i + 338 - 110, -4*y + 3*i = -908. Suppose -q + y + 251 = -2*g, 3*g = -4*q + 1955. List the prime factors of q.
5, 97
Let b(i) = 2*i**2 - 13*i - 31. Let v be ((-6)/(-12))/(2/12). Suppose 0 = v*m + 1 - 34. List the prime factors of b(m).
2, 17
Suppose -10*o = -67*o + 444543. List the prime factors of o.
11, 709
Let m(w) = -2*w**3 - 7*w**2 + 7*w + 3. Let p be (-82)/(-8) - 7/28. Let i be 39/(-6) + 5/p. What are the prime factors of m(i)?
3, 47
Suppose -5*a = s + 13, 0*s - 14 = 2*a - 4*s. Let o be ((-849)/9)/(a/27*1). List the prime factors of o/9 - 8/(-12).
5, 19
Let m(b) = 13*b + 93. Let c be m(7). Let y = c + -21. What are the prime factors of y?
163
Let y(b) = b**2 + 98*b + 2357. What are the prime factors of y(172)?
7, 6971
Suppose -3*m + 16 = 5*l, 7*l - 4*l - 3 = -4*m. Suppose 2*p = 3*i + 343, -5*p + l*i + 512 = -2*p. What are the prime factors of p?
179
Let n be 2 + (8 - (-3 - 1191)). List the prime factors of (18 - 20) + -1 + n.
1201
List the prime factors of (-8 + -2 - -5941) + 18.
3, 661
Let c(v) = -v**3 - 2*v**2 + v - 4. Let k be c(-3). Let o(r) = -r**3 - 6*r**2 - 12*r - 134. Let i be o(-7). List the prime factors of i + 3/k + (-1407)/(-42).
2, 17
Let m(f) = -89*f - 7. Let d be m(1). Let s be d/(-40) + (-1)/(5/2). List the prime factors of 303/s + (-3)/(4 + -10).
2, 19
Suppose -51*k - 183 = -54*k. List the prime factors of -2 + 2834/4 - k/(-122).
7, 101
Suppose 0 = 3*i + i + 36. List the prime factors of ((-3)/i)/((-1)/(-63)).
3, 7
Suppose -10*a + 205 = 35. Let m = 43 - a. Suppose -2*v + 4*v - m = 0. List the prime factors of v.
13
Let r(s) = -s - 9. Let b = 18 - 29. Let y be r(b). Suppose -111 = -y*t - 27. What are the prime factors of t?
2, 3, 7
Let h(a) = -4*a**3 + 27*a**2 - 8*a + 24. Let j(z) = -4*z**3 + 27*z**2 - 8*z + 23. Let r(n) = 4*h(n) - 5*j(n). List the prime factors of r(8).
5, 73
Let i = 19 + -26. Let n = 3 + i. List the prime factors of 67 + -3 + 9 + n.
3, 23
Suppose 110*u = -44*u + 7*u + 2948085. List the prime factors of u.
3, 5, 7, 191
Suppose -18*l = z - 13*l - 1, 3*z + 2*l = 3. Let o(d) = d**2 - 7*d - 1. Let p be o(6). List the prime factors of z/p + 2418/21.
5, 23
Suppose -2*b - 4*d = -3*b + 16, 3*b - 27 = 5*d. Suppose -b*y + 4*m + 6543 = y, -5*y + m = -6537. What are the prime factors of y?
1307
Suppose -c - 6 = -3*c. Suppose 5*n = -o + 26, 6 + 20 = n - 5*o. Suppose 4*x = 2*f + 68, -c*x + 45 = 5*f - n. List the prime factors of x.
17
Suppose 5*t - 2932 = -4*y, 5*y - 10*y + 578 = t. Suppose 3326 - 282 = 5*i - c, 5*c - t = -i. What are the prime factors of i?
2, 19
Let v = 4957 + -5026. Let y be (27/(-12))/(6/80). Let o = y - v. What are the prime factors of o?
3, 13
Let v be -13 - (-6 + 1 + 2). Let n be ((-17)/((-68)/(-552)))/(-2). List the prime factors of n/18*v*-3.
5, 23
Let a(x) = -13*x - 284. Let q be a(-22). Suppose n + 3965 = 2*f, -q*f + 3970 = -7*n + 5*n. List the prime factors of f.
2, 3, 5, 11
Let z(d) = -d - 74. Let v be z(-16). Let u = 56 - v. What are the prime factors of u?
2, 3, 19
Let y = -84 + 88. Suppose -3*n - 2239 = -5*u, y*u + 2*n - 1793 = 5*n. List the prime factors of u.
2, 223
Let h = -81 - -86. Suppose -h*x + 3510 - 1310 = 0. Suppose -5*j + x = 5*s, -j - 276 = -s - 2*s. List the prime factors of s.
7, 13
Let c be 2*(2 + -5)*(-980)/15. List the prime factors of c + (-54)/(-6) + -5.
2, 3, 11
Suppose 4*m = -5*a - 68408, 2*m - 3334 = 2*a - 37520. List the prime factors of (-76)/95 + (2 - m/15).
7, 163
Suppose -112677 - 35466 = -23*j. What are the prime factors of j?
3, 19, 113
Let a(b) = b**3 - 15*b**2 - b + 16. Let g be a(15). Let u(m) = 432*m - 5. What are the prime factors of u(g)?
7, 61
Let i(w) = -1621*w - 3157. What are the prime factors of i(-12)?
5, 3259
Let f be ((-126)/(-12))/(6/12). Let d(h) = h**2 - 3*h**2 - 9 + 3*h**2 - 15*h. What are the prime factors of d(f)?
3, 13
Let l be (-12)/9*(10/8 + -2). List the prime factors of 17/((-153)/(-2358))*(l + 1).
2, 131
Let d(o) = o**2 - 7*o + 231. Let w(v) = 3*v**2 - 23*v + 693. Let u(c) = 7*d(c) - 2*w(c). List the prime factors of u(0).
3, 7, 11
Suppose -o = -l - 3*l - 21, -19 = -3*o + l. Suppose o*a = -5*r + 5625, 4*a - 5*r - 4768 + 277 = 0. What are the prime factors of a?
2, 281
Let r = 3256 - 1631. Let p = r - 1032. What are the prime factors of p?
593
Suppose 2*r - 2 = -2*o, -3*r - 2*o + 2 + 4 = 0. Suppose l = -r*q - 72 - 269, -q = 4*l + 104. Let c = 43 - q. List the prime factors of c.
127
Let c = 43200 - 23630. List the prime factors of c.
2, 5, 19, 103
Suppose 2*m = 2*l - 4*l + 2586, -4*l + 4*m + 5148 = 0. Suppose l = 11*h - 14495. List the prime factors of h.
5, 7, 41
List the prime factors of 61848/54*180/24.
2, 5, 859
Suppose -19*h + 43*h + 13824 = 0. Let p = -445 - h. What are the prime factors of p?
131
Suppose 0 = 18*w + 88*w - 282914. What are the prime factors of w?
17, 157
Let g(s) = -6 + 54*s**2 + 53*s**2 + 10*s + s**3 - 95*s**2 + 0. Suppose i + 5*r = 17, 3*i - 3*r - r = -44. List the prime factors of g(i).
2, 5, 17
Let d = -252 - -623. Let z = d - 277. List the prime factors of z.
2, 47
Let f(k) = 151*k**2 - 10*k